 a factor of 3290?
True
Does 19 divide 3964?
False
Does 340 divide 68000?
True
Is 78 a factor of 2362?
False
Is 56 a multiple of 8?
True
Is 6 a factor of 18445?
False
Is 1368 a multiple of 36?
True
Is 2520 a multiple of 15?
True
Does 31 divide 8727?
False
Is 45 a factor of 6548?
False
Is 113 a factor of 4859?
True
Does 36 divide 726?
False
Does 92 divide 14696?
False
Is 86 a factor of 921?
False
Is 3 a factor of 87?
True
Is 435 a multiple of 29?
True
Is 784 a multiple of 52?
False
Is 450 a multiple of 15?
True
Is 826 a multiple of 27?
False
Is 73987 a multiple of 307?
True
Does 78 divide 1092?
True
Does 129 divide 35952?
False
Is 30 a factor of 3960?
True
Is 26404 a multiple of 82?
True
Does 9 divide 15055?
False
Does 10 divide 1456?
False
Is 71 a factor of 33086?
True
Is 2 a factor of 10157?
False
Is 40 a multiple of 8?
True
Is 3328 a multiple of 32?
True
Is 5 a factor of 1276?
False
Is 13 a factor of 4706?
True
Does 20 divide 14741?
False
Does 13 divide 5717?
False
Is 18809 a multiple of 105?
False
Is 2325 a multiple of 14?
False
Is 18088 a multiple of 68?
True
Is 2216 a multiple of 30?
False
Does 30 divide 4545?
False
Is 1950 a multiple of 75?
True
Does 16 divide 1440?
True
Is 4216 a multiple of 8?
True
Does 30 divide 14838?
False
Does 12 divide 129876?
True
Is 180 a factor of 42429?
False
Is 54 a factor of 5940?
True
Is 50 a factor of 10451?
False
Is 5 a factor of 595?
True
Is 285 a factor of 30780?
True
Does 84 divide 3024?
True
Is 24227 a multiple of 10?
False
Is 22693 a multiple of 8?
False
Does 44 divide 26092?
True
Is 217 a factor of 36239?
True
Does 2 divide 5593?
False
Does 88 divide 3608?
True
Is 11 a factor of 635?
False
Does 16 divide 176?
True
Is 7 a factor of 10437?
True
Does 53 divide 1749?
True
Is 114066 a multiple of 39?
False
Is 232 a multiple of 22?
False
Does 7 divide 113?
False
Is 34 a factor of 783?
False
Does 5 divide 465?
True
Is 330 a factor of 18810?
True
Is 6 a factor of 814?
False
Is 17094 a multiple of 66?
True
Is 163161 a multiple of 17?
False
Does 16 divide 896?
True
Does 17 divide 629?
True
Is 86 a factor of 11524?
True
Is 129587 a multiple of 107?
False
Is 2241 a multiple of 27?
True
Is 1056 a multiple of 16?
True
Is 942 a multiple of 17?
False
Does 39 divide 858?
True
Does 101 divide 202?
True
Is 277 a multiple of 5?
False
Is 3403 a multiple of 41?
True
Is 2 a factor of 320?
True
Is 17 a factor of 18979?
False
Is 116 a multiple of 81?
False
Does 22 divide 4743?
False
Is 4788 a multiple of 115?
False
Is 29 a factor of 4060?
True
Does 86 divide 12983?
False
Is 14 a factor of 271?
False
Is 84 a multiple of 42?
True
Is 270 a multiple of 54?
True
Is 7 a factor of 237?
False
Is 3771 a multiple of 16?
False
Does 140 divide 7280?
True
Is 9 a factor of 2952?
True
Is 61 a factor of 50508?
True
Is 665 a multiple of 58?
False
Is 7194 a multiple of 6?
True
Is 2 a factor of 10496?
True
Is 2324 a multiple of 42?
False
Is 175 a multiple of 25?
True
Does 192 divide 18771?
False
Is 35 a factor of 2268?
False
Is 19 a factor of 1197?
True
Does 31 divide 5346?
False
Is 2956 a multiple of 12?
False
Is 802 a multiple of 9?
False
Is 15 a factor of 4395?
True
Is 4 a factor of 2324?
True
Is 5 a factor of 731?
False
Does 18 divide 288?
True
Is 21982 a multiple of 125?
False
Is 62 a factor of 1240?
True
Is 7 a factor of 17815?
True
Does 125 divide 10875?
True
Does 61 divide 4697?
True
Does 2 divide 5029?
False
Is 49 a factor of 3938?
False
Is 22878 a multiple of 279?
True
Does 46 divide 14756?
False
Is 14 a factor of 5082?
True
Is 418 a multiple of 19?
True
Is 8 a factor of 48880?
True
Does 20 divide 2169?
False
Is 18123 a multiple of 6?
False
Does 60 divide 94140?
True
Is 4048 a multiple of 44?
True
Is 2348 a multiple of 32?
False
Is 19 a factor of 16133?
False
Does 4 divide 906?
False
Is 12 a factor of 5916?
True
Is 186 a factor of 17513?
False
Is 45 a factor of 1315?
False
Does 301 divide 12943?
True
Is 2836 a multiple of 86?
False
Is 504 a multiple of 7?
True
Does 4 divide 147?
False
Does 37 divide 814?
True
Is 170 a factor of 13912?
False
Does 12 divide 216?
True
Is 20 a factor of 1014?
False
Does 205 divide 98693?
False
Does 4 divide 141?
False
Is 71 a factor of 13490?
True
Is 10500 a multiple of 42?
True
Does 16 divide 32?
True
Does 19 divide 10635?
False
Is 20 a factor of 140?
True
Does 39 divide 96?
False
Is 253 a multiple of 23?
True
Is 3 a factor of 8120?
False
Does 135 divide 18746?
False
Does 13 divide 95?
False
Is 86974 a multiple of 227?
False
Does 14 divide 2114?
True
Is 11 a factor of 121?
True
Does 29 divide 538?
False
Is 2 a factor of 2622?
True
Is 6 a factor of 78?
True
Is 2070 a multiple of 3?
True
Is 10710 a multiple of 17?
True
Is 62220 a multiple of 85?
True
Does 34 divide 2395?
False
Does 6 divide 18954?
True
Is 42 a factor of 21615?
False
Is 145 a factor of 8762?
False
Is 36 a factor of 638?
False
Does 44 divide 11220?
True
Is 18 a factor of 972?
True
Does 24 divide 98?
False
Is 5549 a multiple of 32?
False
Is 44 a factor of 3212?
True
Is 24208 a multiple of 70?
False
Does 90 divide 990?
True
Does 13 divide 11999?
True
Is 1861 a multiple of 8?
False
Does 16 divide 368?
True
Does 12 divide 2443?
False
Does 35 divide 6754?
False
Is 7052 a multiple of 33?
False
Does 10 divide 1056?
False
Is 22141 a multiple of 142?
False
Does 12 divide 2444?
False
Is 9 a factor of 105?
False
Is 299 a multiple of 3?
False
Is 22879 a multiple of 11?
False
Does 3 divide 108?
True
Does 7 divide 1059?
False
Does 18 divide 61?
False
Does 15 divide 110?
False
Is 3 a factor of 30?
True
Is 6 a factor of 2637?
False
Is 26 a factor of 2184?
True
Does 2 divide 1315?
False
Does 20 divide 320?
True
Is 8 a factor of 903?
False
Is 72 a factor of 1015?
False
Is 3 a factor of 41?
False
Is 343 a multiple of 8?
False
Is 36531 a multiple of 123?
True
Is 2 a factor of 356?
True
Does 67 divide 402?
True
Does 26 divide 5650?
False
Is 1218 a multiple of 42?
True
Does 10 divide 26?
False
Is 5412 a multiple of 7?
False
Does 4 divide 244?
True
Is 2032 a multiple of 16?
True
Is 770 a multiple of 2?
True
Is 52 a multiple of 13?
True
Is 47 a factor of 423?
True
Is 487 a multiple of 72?
False
Does 126 divide 2646?
True
Is 57 a factor of 51538?
False
Does 129 divide 19816?
False
Is 213 a multiple of 2?
False
Is 2 a factor of 92?
True
Is 5 a factor of 5741?
False
Does 40 divide 680?
True
Does 9 divide 99?
True
Is 2 a factor of 1107?
False
Is 146 a factor of 6810?
False
Does 92 divide 7452?
True
Is 1432 a multiple of 41?
False
Does 15 divide 1230?
True
Does 2 divide 1230?
True
Does 7 divide 13682?
False
Does 104 divide 1545?
False
Is 3 a factor of 201?
True
Is 16 a factor of 2512?
True
Does 21 divide 1407?
True
Is 616 a multiple of 14?
True
Does 29 divide 6699?
True
Does 3 divide 48?
True
Does 29 divide 170085?
True
Is 11 a factor of 1765?
False
Does 3 divide 6783?
True
Does 19 divide 1045?
True
Is 3312 a multiple of 36?
True
Does 4 divide 2172?
True
Does 107 divide 1284?
True
Is 6 a factor of 854?
False
Does 12 divide 4735?
False
Does 16 divide 368?
True
Does 23 divide 17442?
False
Is 19 a factor of 779?
True
Is 669 a multiple of 3?
True
Is 8946 a multiple of 126?
True
Is 19 a factor of 1729?
True
Does 92 divide 11132?
True
Is 588 a multiple of 28?
True
Does 11 divide 1248?
False
Is 2822 a multiple of 5?
False
Is 38732 a multiple of 6?
False
Is 86 a multiple of 43?
True
Does 7 divide 2086?
True
Is 203 a multiple of 22?
False
Does 10 divide 80?
True
Is 1732 a multiple of 23?
False
Is 5346 a multiple of 81?
True
Does 13 divide 1768?
True
Is 117173 a multiple of 57?
False
Is 1358 a multiple of 33?
False
Is 4682 a multiple of 23?
False
Is 2036 a multiple of 13?
False
Does 176 divide 10646?
False
Does 58 divide 127368?
True
Is 26624 a multiple of 128?
True
Is 28 a factor of 6412?
True
Is 10144 a multiple of 79?
False
Is 9 a factor of 1936?
False
Does 22 divide 25146?
True
Is 361 a factor of 20016?
False
Is 2 a factor of 324?
True
Is 5106 a multiple of 69?
True
Does 64 divide 1600?
True
Is 377 a multiple of 13?
True
Is 71 a factor of 577?
False
Is 56631 a multiple of 18?
False
Does 8 divide 40?
True
Is 1200 a multiple of 20?
True
Does 5 divide 60265?
True
Does 105 divide 51774?
False
Is 11 a factor of 5081?
False
Is 17333 a multiple of 6?
False
Is 11535 a multiple